{"id":128,"date":"2023-04-01T12:57:37","date_gmt":"2023-04-01T12:57:37","guid":{"rendered":"https:\/\/nikokinesio.fr\/?page_id=128"},"modified":"2023-04-02T14:09:54","modified_gmt":"2023-04-02T14:09:54","slug":"blog","status":"publish","type":"page","link":"https:\/\/nikokinesio.fr\/?page_id=128","title":{"rendered":"Inspirations"},"content":{"rendered":"\t\t<div data-elementor-type=\"wp-page\" data-elementor-id=\"128\" class=\"elementor elementor-128\">\n\t\t\t\t\t\t<section class=\"elementor-section elementor-top-section elementor-element elementor-element-77124ac elementor-section-boxed elementor-section-height-default elementor-section-height-default\" data-id=\"77124ac\" data-element_type=\"section\" data-e-type=\"section\">\n\t\t\t\t\t\t<div class=\"elementor-container elementor-column-gap-default\">\n\t\t\t\t\t<div class=\"elementor-column elementor-col-100 elementor-top-column elementor-element elementor-element-ff45f4e\" data-id=\"ff45f4e\" data-element_type=\"column\" data-e-type=\"column\">\n\t\t\t<div class=\"elementor-widget-wrap elementor-element-populated\">\n\t\t\t\t\t\t<div class=\"elementor-element elementor-element-b102053 elementor-drop-cap-yes elementor-drop-cap-view-default elementor-widget elementor-widget-text-editor\" data-id=\"b102053\" data-element_type=\"widget\" data-e-type=\"widget\" data-settings=\"{&quot;drop_cap&quot;:&quot;yes&quot;}\" data-widget_type=\"text-editor.default\">\n\t\t\t\t<div class=\"elementor-widget-container\">\n\t\t\t\t\t\t\t\t\t<blockquote><p style=\"text-align: left;\">Si je veux r\u00e9ussir \u00e0 accompagner un \u00eatre vers un but pr\u00e9cis, je dois le chercher l\u00e0 o\u00f9 il est, et commencer justement l\u00e0.<br \/>Celui qui ne sait pas faire cela se trompe lui-m\u00eame quand il pense pouvoir aider les autres.<br \/>Pour accompagner un \u00eatre je dois comprendre plus que lui, mais d&rsquo;abord comprendre ce qu&rsquo;il comprend.<br \/>Si je n&rsquo;y parviens pas, il ne sert \u00e0 rien que je sois plus capable et plus savant que lui.<br \/>Si je d\u00e9sire avant tout montrer ce que je sais, c&rsquo;est parceque je suis orgueilleux et cherche \u00e0 \u00eatre admir\u00e9 de l&rsquo;autre, plut\u00f4t que de l&rsquo;aider.<br \/>Tout soutien commence avec l&rsquo;humilit\u00e9 devant celui que je veux accompagner.<br \/>Et c&rsquo;est pourquoi je dois comprendre qu&rsquo;aider n&rsquo;est pas vouloir ma\u00eetriser mais vouloir servir.<br \/>Si je n&rsquo;y arrive pas, je ne puis aider l&rsquo;autre.<\/p><p style=\"text-align: right;\"><b>Soren Kirkegaard<\/b><\/p><\/blockquote>\t\t\t\t\t\t\t\t<\/div>\n\t\t\t\t<\/div>\n\t\t\t\t\t<\/div>\n\t\t<\/div>\n\t\t\t\t\t<\/div>\n\t\t<\/section>\n\t\t\t\t<section class=\"elementor-section elementor-top-section elementor-element elementor-element-6becc6f elementor-section-boxed elementor-section-height-default elementor-section-height-default\" data-id=\"6becc6f\" data-element_type=\"section\" data-e-type=\"section\">\n\t\t\t\t\t\t<div class=\"elementor-container elementor-column-gap-default\">\n\t\t\t\t\t<div class=\"elementor-column elementor-col-100 elementor-top-column elementor-element elementor-element-ae56346\" data-id=\"ae56346\" data-element_type=\"column\" data-e-type=\"column\">\n\t\t\t<div class=\"elementor-widget-wrap elementor-element-populated\">\n\t\t\t\t\t\t<div class=\"elementor-element elementor-element-c6bd580 elementor-drop-cap-yes elementor-drop-cap-view-default elementor-widget elementor-widget-text-editor\" data-id=\"c6bd580\" data-element_type=\"widget\" data-e-type=\"widget\" data-settings=\"{&quot;drop_cap&quot;:&quot;yes&quot;}\" data-widget_type=\"text-editor.default\">\n\t\t\t\t<div class=\"elementor-widget-container\">\n\t\t\t\t\t\t\t\t\t<blockquote><p style=\"text-align: left;\">Le moment est venu de se rendre compte qu&rsquo;une interpr\u00e9tation, m\u00eame positiviste, de l&rsquo;Univers doit, pour \u00eatre satisfaisante, couvrir le dedans aussi bien que le dehors des choses &#8211; l&rsquo;Esprit autant que la Mati\u00e8re. La vraie Physique est celle qui parviendra, quelque jour, \u00e0 int\u00e9grer l&rsquo;Homme total dans une repr\u00e9sentation coh\u00e9rente du monde<\/p><p style=\"text-align: right;\"><b>Pierre Teilhard de Chardin<\/b><\/p><\/blockquote>\t\t\t\t\t\t\t\t<\/div>\n\t\t\t\t<\/div>\n\t\t\t\t\t<\/div>\n\t\t<\/div>\n\t\t\t\t\t<\/div>\n\t\t<\/section>\n\t\t\t\t<section class=\"elementor-section elementor-top-section elementor-element elementor-element-f3b83b0 elementor-section-boxed elementor-section-height-default elementor-section-height-default\" data-id=\"f3b83b0\" data-element_type=\"section\" data-e-type=\"section\">\n\t\t\t\t\t\t<div class=\"elementor-container elementor-column-gap-default\">\n\t\t\t\t\t<div class=\"elementor-column elementor-col-100 elementor-top-column elementor-element elementor-element-7881533\" data-id=\"7881533\" data-element_type=\"column\" data-e-type=\"column\">\n\t\t\t<div class=\"elementor-widget-wrap elementor-element-populated\">\n\t\t\t\t\t\t<div class=\"elementor-element elementor-element-e05aacd elementor-drop-cap-yes elementor-drop-cap-view-default elementor-widget elementor-widget-text-editor\" data-id=\"e05aacd\" data-element_type=\"widget\" data-e-type=\"widget\" data-settings=\"{&quot;drop_cap&quot;:&quot;yes&quot;}\" data-widget_type=\"text-editor.default\">\n\t\t\t\t<div class=\"elementor-widget-container\">\n\t\t\t\t\t\t\t\t\t<blockquote><p style=\"text-align: left;\">Les crises, les bouleversements et la maladie ne surgissent pas par hasard. Ils nous servent d&rsquo;indicateurs pour rectifier une trajectoire, explorer de nouvelles orientations, exp\u00e9rimenter un autre chemin de vie.<\/p><p style=\"text-align: right;\"><strong>Carl Gustav Jung<\/strong><\/p><\/blockquote>\t\t\t\t\t\t\t\t<\/div>\n\t\t\t\t<\/div>\n\t\t\t\t\t<\/div>\n\t\t<\/div>\n\t\t\t\t\t<\/div>\n\t\t<\/section>\n\t\t\t\t<section class=\"elementor-section elementor-top-section elementor-element elementor-element-8779c9f elementor-section-boxed elementor-section-height-default elementor-section-height-default\" data-id=\"8779c9f\" data-element_type=\"section\" data-e-type=\"section\">\n\t\t\t\t\t\t<div class=\"elementor-container elementor-column-gap-default\">\n\t\t\t\t\t<div class=\"elementor-column elementor-col-100 elementor-top-column elementor-element elementor-element-dfd3c35\" data-id=\"dfd3c35\" data-element_type=\"column\" data-e-type=\"column\">\n\t\t\t<div class=\"elementor-widget-wrap elementor-element-populated\">\n\t\t\t\t\t\t<div class=\"elementor-element elementor-element-961b159 elementor-drop-cap-yes elementor-drop-cap-view-default elementor-widget elementor-widget-text-editor\" data-id=\"961b159\" data-element_type=\"widget\" data-e-type=\"widget\" data-settings=\"{&quot;drop_cap&quot;:&quot;yes&quot;}\" data-widget_type=\"text-editor.default\">\n\t\t\t\t<div class=\"elementor-widget-container\">\n\t\t\t\t\t\t\t\t\t<blockquote><p style=\"text-align: left;\">Le seul moyen de modifier le monde qui nous entoure est de changer\u00e0 titre personnel. Si nous parvenons \u00e0 modifier notre propre univers, nous gagnerons la paix int\u00e9rieure et retrouverons l&rsquo;amour inconditionnel.<\/p><p style=\"text-align: right;\"><strong>Don Miguel Ruiz<\/strong><\/p><\/blockquote>\t\t\t\t\t\t\t\t<\/div>\n\t\t\t\t<\/div>\n\t\t\t\t\t<\/div>\n\t\t<\/div>\n\t\t\t\t\t<\/div>\n\t\t<\/section>\n\t\t\t\t<section class=\"elementor-section elementor-top-section elementor-element elementor-element-d55ddc7 elementor-section-boxed elementor-section-height-default elementor-section-height-default\" data-id=\"d55ddc7\" data-element_type=\"section\" data-e-type=\"section\">\n\t\t\t\t\t\t<div class=\"elementor-container elementor-column-gap-default\">\n\t\t\t\t\t<div class=\"elementor-column elementor-col-100 elementor-top-column elementor-element elementor-element-2af6f4f\" data-id=\"2af6f4f\" data-element_type=\"column\" data-e-type=\"column\">\n\t\t\t<div class=\"elementor-widget-wrap elementor-element-populated\">\n\t\t\t\t\t\t\t<\/div>\n\t\t<\/div>\n\t\t\t\t\t<\/div>\n\t\t<\/section>\n\t\t\t\t<\/div>\n\t\t","protected":false},"excerpt":{"rendered":"<p>Si je veux r\u00e9ussir \u00e0 accompagner un \u00eatre vers un but pr\u00e9cis, je dois le chercher l\u00e0 o\u00f9 il est, et commencer justement l\u00e0.Celui qui ne sait pas faire cela se trompe lui-m\u00eame quand il pense pouvoir aider les autres.Pour accompagner un \u00eatre je dois comprendre plus que lui, mais d&rsquo;abord comprendre ce qu&rsquo;il comprend.Si [&hellip;]<\/p>\n","protected":false},"author":1,"featured_media":0,"parent":0,"menu_order":0,"comment_status":"closed","ping_status":"closed","template":"elementor_header_footer","meta":{"ocean_post_layout":"","ocean_both_sidebars_style":"","ocean_both_sidebars_content_width":0,"ocean_both_sidebars_sidebars_width":0,"ocean_sidebar":"","ocean_second_sidebar":"","ocean_disable_margins":"enable","ocean_add_body_class":"","ocean_shortcode_before_top_bar":"","ocean_shortcode_after_top_bar":"","ocean_shortcode_before_header":"","ocean_shortcode_after_header":"","ocean_has_shortcode":"","ocean_shortcode_after_title":"","ocean_shortcode_before_footer_widgets":"","ocean_shortcode_after_footer_widgets":"","ocean_shortcode_before_footer_bottom":"","ocean_shortcode_after_footer_bottom":"","ocean_display_top_bar":"default","ocean_display_header":"default","ocean_header_style":"","ocean_center_header_left_menu":"","ocean_custom_header_template":"","ocean_custom_logo":0,"ocean_custom_retina_logo":0,"ocean_custom_logo_max_width":0,"ocean_custom_logo_tablet_max_width":0,"ocean_custom_logo_mobile_max_width":0,"ocean_custom_logo_max_height":0,"ocean_custom_logo_tablet_max_height":0,"ocean_custom_logo_mobile_max_height":0,"ocean_header_custom_menu":"","ocean_menu_typo_font_family":"","ocean_menu_typo_font_subset":"","ocean_menu_typo_font_size":0,"ocean_menu_typo_font_size_tablet":0,"ocean_menu_typo_font_size_mobile":0,"ocean_menu_typo_font_size_unit":"px","ocean_menu_typo_font_weight":"","ocean_menu_typo_font_weight_tablet":"","ocean_menu_typo_font_weight_mobile":"","ocean_menu_typo_transform":"","ocean_menu_typo_transform_tablet":"","ocean_menu_typo_transform_mobile":"","ocean_menu_typo_line_height":0,"ocean_menu_typo_line_height_tablet":0,"ocean_menu_typo_line_height_mobile":0,"ocean_menu_typo_line_height_unit":"","ocean_menu_typo_spacing":0,"ocean_menu_typo_spacing_tablet":0,"ocean_menu_typo_spacing_mobile":0,"ocean_menu_typo_spacing_unit":"","ocean_menu_link_color":"","ocean_menu_link_color_hover":"","ocean_menu_link_color_active":"","ocean_menu_link_background":"","ocean_menu_link_hover_background":"","ocean_menu_link_active_background":"","ocean_menu_social_links_bg":"","ocean_menu_social_hover_links_bg":"","ocean_menu_social_links_color":"","ocean_menu_social_hover_links_color":"","ocean_disable_title":"default","ocean_disable_heading":"default","ocean_post_title":"","ocean_post_subheading":"","ocean_post_title_style":"","ocean_post_title_background_color":"","ocean_post_title_background":0,"ocean_post_title_bg_image_position":"","ocean_post_title_bg_image_attachment":"","ocean_post_title_bg_image_repeat":"","ocean_post_title_bg_image_size":"","ocean_post_title_height":0,"ocean_post_title_bg_overlay":0.5,"ocean_post_title_bg_overlay_color":"","ocean_disable_breadcrumbs":"default","ocean_breadcrumbs_color":"","ocean_breadcrumbs_separator_color":"","ocean_breadcrumbs_links_color":"","ocean_breadcrumbs_links_hover_color":"","ocean_display_footer_widgets":"default","ocean_display_footer_bottom":"default","ocean_custom_footer_template":"","footnotes":""},"class_list":["post-128","page","type-page","status-publish","hentry","entry"],"yoast_head":"<!-- This site is optimized with the Yoast SEO plugin v27.4 - https:\/\/yoast.com\/product\/yoast-seo-wordpress\/ -->\n<title>Inspirations - Nicolas Bouzid Kinesiologie<\/title>\n<meta name=\"robots\" content=\"index, follow, max-snippet:-1, max-image-preview:large, max-video-preview:-1\" \/>\n<link rel=\"canonical\" href=\"https:\/\/nikokinesio.fr\/?page_id=128\" \/>\n<meta property=\"og:locale\" content=\"fr_FR\" \/>\n<meta property=\"og:type\" content=\"article\" \/>\n<meta property=\"og:title\" content=\"Inspirations - Nicolas Bouzid Kinesiologie\" \/>\n<meta property=\"og:description\" content=\"Si je veux r\u00e9ussir \u00e0 accompagner un \u00eatre vers un but pr\u00e9cis, je dois le chercher l\u00e0 o\u00f9 il est, et commencer justement l\u00e0.Celui qui ne sait pas faire cela se trompe lui-m\u00eame quand il pense pouvoir aider les autres.Pour accompagner un \u00eatre je dois comprendre plus que lui, mais d&rsquo;abord comprendre ce qu&rsquo;il comprend.Si [&hellip;]\" \/>\n<meta property=\"og:url\" content=\"https:\/\/nikokinesio.fr\/?page_id=128\" \/>\n<meta property=\"og:site_name\" content=\"Nicolas Bouzid Kinesiologie\" \/>\n<meta property=\"article:modified_time\" content=\"2023-04-02T14:09:54+00:00\" \/>\n<meta name=\"twitter:card\" content=\"summary_large_image\" \/>\n<meta name=\"twitter:label1\" content=\"Dur\u00e9e de lecture estim\u00e9e\" \/>\n\t<meta name=\"twitter:data1\" content=\"2 minutes\" \/>\n<script type=\"application\/ld+json\" class=\"yoast-schema-graph\">{\"@context\":\"https:\\\/\\\/schema.org\",\"@graph\":[{\"@type\":\"WebPage\",\"@id\":\"https:\\\/\\\/nikokinesio.fr\\\/?page_id=128\",\"url\":\"https:\\\/\\\/nikokinesio.fr\\\/?page_id=128\",\"name\":\"Inspirations - Nicolas Bouzid Kinesiologie\",\"isPartOf\":{\"@id\":\"https:\\\/\\\/nikokinesio.fr\\\/#website\"},\"datePublished\":\"2023-04-01T12:57:37+00:00\",\"dateModified\":\"2023-04-02T14:09:54+00:00\",\"breadcrumb\":{\"@id\":\"https:\\\/\\\/nikokinesio.fr\\\/?page_id=128#breadcrumb\"},\"inLanguage\":\"fr-FR\",\"potentialAction\":[{\"@type\":\"ReadAction\",\"target\":[\"https:\\\/\\\/nikokinesio.fr\\\/?page_id=128\"]}]},{\"@type\":\"BreadcrumbList\",\"@id\":\"https:\\\/\\\/nikokinesio.fr\\\/?page_id=128#breadcrumb\",\"itemListElement\":[{\"@type\":\"ListItem\",\"position\":1,\"name\":\"Accueil\",\"item\":\"https:\\\/\\\/nikokinesio.fr\\\/\"},{\"@type\":\"ListItem\",\"position\":2,\"name\":\"Inspirations\"}]},{\"@type\":\"WebSite\",\"@id\":\"https:\\\/\\\/nikokinesio.fr\\\/#website\",\"url\":\"https:\\\/\\\/nikokinesio.fr\\\/\",\"name\":\"Nicolas Bouzid Kinesiologie\",\"description\":\"Espace d&#039;information et de contact de Nicolas BOUZID - Kin\u00e9siologue\",\"publisher\":{\"@id\":\"https:\\\/\\\/nikokinesio.fr\\\/#organization\"},\"potentialAction\":[{\"@type\":\"SearchAction\",\"target\":{\"@type\":\"EntryPoint\",\"urlTemplate\":\"https:\\\/\\\/nikokinesio.fr\\\/?s={search_term_string}\"},\"query-input\":{\"@type\":\"PropertyValueSpecification\",\"valueRequired\":true,\"valueName\":\"search_term_string\"}}],\"inLanguage\":\"fr-FR\"},{\"@type\":\"Organization\",\"@id\":\"https:\\\/\\\/nikokinesio.fr\\\/#organization\",\"name\":\"Nicolas Bouzid Kinesiologie\",\"url\":\"https:\\\/\\\/nikokinesio.fr\\\/\",\"logo\":{\"@type\":\"ImageObject\",\"inLanguage\":\"fr-FR\",\"@id\":\"https:\\\/\\\/nikokinesio.fr\\\/#\\\/schema\\\/logo\\\/image\\\/\",\"url\":\"https:\\\/\\\/nikokinesio.fr\\\/wp-content\\\/uploads\\\/2023\\\/04\\\/kintsugi.png\",\"contentUrl\":\"https:\\\/\\\/nikokinesio.fr\\\/wp-content\\\/uploads\\\/2023\\\/04\\\/kintsugi.png\",\"width\":864,\"height\":864,\"caption\":\"Nicolas Bouzid Kinesiologie\"},\"image\":{\"@id\":\"https:\\\/\\\/nikokinesio.fr\\\/#\\\/schema\\\/logo\\\/image\\\/\"}}]}<\/script>\n<!-- \/ Yoast SEO plugin. -->","yoast_head_json":{"title":"Inspirations - Nicolas Bouzid Kinesiologie","robots":{"index":"index","follow":"follow","max-snippet":"max-snippet:-1","max-image-preview":"max-image-preview:large","max-video-preview":"max-video-preview:-1"},"canonical":"https:\/\/nikokinesio.fr\/?page_id=128","og_locale":"fr_FR","og_type":"article","og_title":"Inspirations - Nicolas Bouzid Kinesiologie","og_description":"Si je veux r\u00e9ussir \u00e0 accompagner un \u00eatre vers un but pr\u00e9cis, je dois le chercher l\u00e0 o\u00f9 il est, et commencer justement l\u00e0.Celui qui ne sait pas faire cela se trompe lui-m\u00eame quand il pense pouvoir aider les autres.Pour accompagner un \u00eatre je dois comprendre plus que lui, mais d&rsquo;abord comprendre ce qu&rsquo;il comprend.Si [&hellip;]","og_url":"https:\/\/nikokinesio.fr\/?page_id=128","og_site_name":"Nicolas Bouzid Kinesiologie","article_modified_time":"2023-04-02T14:09:54+00:00","twitter_card":"summary_large_image","twitter_misc":{"Dur\u00e9e de lecture estim\u00e9e":"2 minutes"},"schema":{"@context":"https:\/\/schema.org","@graph":[{"@type":"WebPage","@id":"https:\/\/nikokinesio.fr\/?page_id=128","url":"https:\/\/nikokinesio.fr\/?page_id=128","name":"Inspirations - Nicolas Bouzid Kinesiologie","isPartOf":{"@id":"https:\/\/nikokinesio.fr\/#website"},"datePublished":"2023-04-01T12:57:37+00:00","dateModified":"2023-04-02T14:09:54+00:00","breadcrumb":{"@id":"https:\/\/nikokinesio.fr\/?page_id=128#breadcrumb"},"inLanguage":"fr-FR","potentialAction":[{"@type":"ReadAction","target":["https:\/\/nikokinesio.fr\/?page_id=128"]}]},{"@type":"BreadcrumbList","@id":"https:\/\/nikokinesio.fr\/?page_id=128#breadcrumb","itemListElement":[{"@type":"ListItem","position":1,"name":"Accueil","item":"https:\/\/nikokinesio.fr\/"},{"@type":"ListItem","position":2,"name":"Inspirations"}]},{"@type":"WebSite","@id":"https:\/\/nikokinesio.fr\/#website","url":"https:\/\/nikokinesio.fr\/","name":"Nicolas Bouzid Kinesiologie","description":"Espace d&#039;information et de contact de Nicolas BOUZID - Kin\u00e9siologue","publisher":{"@id":"https:\/\/nikokinesio.fr\/#organization"},"potentialAction":[{"@type":"SearchAction","target":{"@type":"EntryPoint","urlTemplate":"https:\/\/nikokinesio.fr\/?s={search_term_string}"},"query-input":{"@type":"PropertyValueSpecification","valueRequired":true,"valueName":"search_term_string"}}],"inLanguage":"fr-FR"},{"@type":"Organization","@id":"https:\/\/nikokinesio.fr\/#organization","name":"Nicolas Bouzid Kinesiologie","url":"https:\/\/nikokinesio.fr\/","logo":{"@type":"ImageObject","inLanguage":"fr-FR","@id":"https:\/\/nikokinesio.fr\/#\/schema\/logo\/image\/","url":"https:\/\/nikokinesio.fr\/wp-content\/uploads\/2023\/04\/kintsugi.png","contentUrl":"https:\/\/nikokinesio.fr\/wp-content\/uploads\/2023\/04\/kintsugi.png","width":864,"height":864,"caption":"Nicolas Bouzid Kinesiologie"},"image":{"@id":"https:\/\/nikokinesio.fr\/#\/schema\/logo\/image\/"}}]}},"_links":{"self":[{"href":"https:\/\/nikokinesio.fr\/index.php?rest_route=\/wp\/v2\/pages\/128","targetHints":{"allow":["GET"]}}],"collection":[{"href":"https:\/\/nikokinesio.fr\/index.php?rest_route=\/wp\/v2\/pages"}],"about":[{"href":"https:\/\/nikokinesio.fr\/index.php?rest_route=\/wp\/v2\/types\/page"}],"author":[{"embeddable":true,"href":"https:\/\/nikokinesio.fr\/index.php?rest_route=\/wp\/v2\/users\/1"}],"replies":[{"embeddable":true,"href":"https:\/\/nikokinesio.fr\/index.php?rest_route=%2Fwp%2Fv2%2Fcomments&post=128"}],"version-history":[{"count":9,"href":"https:\/\/nikokinesio.fr\/index.php?rest_route=\/wp\/v2\/pages\/128\/revisions"}],"predecessor-version":[{"id":210,"href":"https:\/\/nikokinesio.fr\/index.php?rest_route=\/wp\/v2\/pages\/128\/revisions\/210"}],"wp:attachment":[{"href":"https:\/\/nikokinesio.fr\/index.php?rest_route=%2Fwp%2Fv2%2Fmedia&parent=128"}],"curies":[{"name":"wp","href":"https:\/\/api.w.org\/{rel}","templated":true}]}}